ainder when q is divided by v?
6
Let v(n) = 2*n**2 - 2*n - 4. Let c(t) = 80*t**2 + 4979*t - 9962. What is the remainder when c(2) is divided by v(7)?
76
Suppose -2272 + 89 = -37*g. What is the remainder when 614 is divided by g?
24
Calculate the remainder when -245*(153/(-17) + 3 + 3) is divided by 239.
18
Let h(b) = 2*b + 1. Let t(r) = 13*r + 122. Let o(k) = -4*h(k) + t(k). Calculate the remainder when o(12) is divided by 38.
26
Let c be (-3 + 501)*1/2. Suppose 14*t = 10*t + 112. Calculate the remainder when (1/3)/(250/c - 1) is divided by t.
27
Let c(f) = 42*f**3 + 6*f**2 - 12*f + 16. What is the remainder when c(2) is divided by 43?
8
Suppose -3*v + 2 = 5. Calculate the remainder when v/(-3) - 14/(-12)*1246 is divided by 104.
102
Let o(h) = 3*h**2 + 2*h + 16. Suppose 11*i = -13 - 53. Calculate the remainder when o(i) is divided by 67.
45
Let a(f) = 2*f**3 + 30*f**2 + 7*f - 182. What is the remainder when a(-13) is divided by 176?
51
Suppose 3*c - 9 = -5*i + 21, -2*i + 2*c - 4 = 0. What is the remainder when (-7 - (-7 - (-319)/(-55)))*5*1 is divided by i?
2
Let t be (0*(-2 + (-6)/(-4)))/2. Suppose t = -8*u + 126 + 82. Suppose -3*f + 3*p + 265 - 52 = 0, -2*p = 3*f - 233. What is the remainder when f is divided by u?
23
Suppose -3*h - 2*u = -35, -17 = 3*u - 2. Suppose -2752 + 682 = -h*z. Calculate the remainder when z is divided by 54.
30
Let m = 63 - 40. What is the remainder when (m/(-5))/((-2)/10) is divided by -5*(0/1 - 1)?
3
Let l(f) = 20*f**2 - f + 134. Calculate the remainder when 533 is divided by l(0).
131
Suppose -70*c - 94*c = -2132. Calculate the remainder when 37281 is divided by c.
10
Suppose -50*i - 10*i + 6180 = 0. What is the remainder when 185 is divided by i?
82
Suppose 2*k + 193 = 5*a, -2*a - a - 2*k = -119. Suppose -71*b = 1177 - 37884. Let w = 522 - b. What is the remainder when a is divided by w?
4
What is the remainder when 1562 is divided by 7 + ((-54)/243 - 304/9)*-1?
4
Let g = 649 + -583. What is the remainder when 139 is divided by g?
7
Suppose 0 = 24*k - 8073 + 5721. Calculate the remainder when 753 is divided by k.
67
Suppose 0 = -24*i - 7*i. What is the remainder when 371 is divided by 153/(-51) + (i + -3)*-15?
35
Let r be (4*(-171)/(-36))/((-1)/5). Let g = r - -102. Calculate the remainder when 236 is divided by g.
5
What is the remainder when (-184)/(-69)*8478/24 is divided by 118?
116
Let r(k) = -3*k**3 + 69*k**2 - 23*k + 537. Suppose 2*p - 5 - 9 = 0. What is the remainder when r(23) is divided by p?
1
Let q = -885 + 1025. Suppose -519*u + 515*u = -q. Calculate the remainder when 63 is divided by u.
28
Suppose 4*r - 314 = q, 3*q - 4*q - 4*r - 338 = 0. Let p = -287 - q. What is the remainder when 623 is divided by p?
38
Let o = -99 + 102. Let w(s) = 0*s**2 - s**2 - 6*s**o + 2*s - 3 + 7*s**2 + 5*s**3. What is the remainder when 124 is divided by w(5)?
28
Let r = -283 + 285. Suppose -r*w = -45 - 7. Calculate the remainder when w is divided by 5.
1
Let y = 15 - 13. Suppose 6*i - 8 = -56. What is the remainder when -2*4/i*-5*-1 is divided by y?
1
Let t(q) = 2 + 7 + 4*q - 1. Let i = -6296 + 6343. What is the remainder when i is divided by t(4)?
23
What is the remainder when 0 + 7583 + 58 + -54 is divided by 66?
63
Let g = 8413 + -8356. Calculate the remainder when 187 is divided by g.
16
Suppose -2*n + 6 = 0, c + 24 = -0*c + 4*n. Let r(y) = -23*y - 27. Calculate the remainder when r(c) is divided by 63.
60
Suppose 2*b = -3*b. Suppose -201*w + 199*w + 12 = b. Calculate the remainder when 27 is divided by w.
3
Suppose -2 = 5*n + 4*g - 10, 5*g = n + 10. Suppose 3*i - 82 = -5*b + 60, -5*b - 2*i + 138 = n. Calculate the remainder when 32 is divided by b.
6
Suppose 22*h - 4*j = 26*h - 112, 0 = 3*h - 5*j - 52. What is the remainder when 1064 is divided by h?
8
Let b(o) = -245*o - 3213. What is the remainder when 672 is divided by b(-14)?
21
Let f = -2711 - -2750. What is the remainder when f is divided by 6?
3
Let h = -6434 - -6739. What is the remainder when h is divided by 100?
5
Suppose -5*v - 13 = 2*f - 50, -4*v = -20. Suppose -420 = f*m - 10*m. Let c = 248 - m. What is the remainder when c is divided by 29?
27
Suppose -202348 = -135*x + 164042. Calculate the remainder when x is divided by 208.
10
Let y be (-7)/((-238)/(-4)) - (-14384)/17. What is the remainder when ((-7)/21)/((-6)/y) is divided by 24*2*(-1)/(-4)?
11
Suppose -65 = -4*t + 7. Let x(n) = n**3 - 174*n**2 - 536*n + 939. What is the remainder when x(177) is divided by t?
0
Let w = -12 + 25. Suppose -3*s + 447 = 3*o, -460*o - 5*s - 383 = -463*o. Calculate the remainder when o is divided by w.
11
Suppose 3*m = -35*m - 28*m + 3762. Calculate the remainder when 1138 is divided by m.
55
Let s(d) = 4*d**2 + d - 4. Let k be s(-7). Suppose -k = 17*q - 780. What is the remainder when 87 is divided by q?
17
Let i be (-35*(-15)/(-300))/(1/316). Let m = i - -576. What is the remainder when 49 is divided by m?
3
Let s be 7/21 - 8/(-3). Suppose 6*y = s*y + l + 435, -y + l + 143 = 0. What is the remainder when y is divided by 38?
32
Let c = 85062 - 85028. Let z(v) = 5*v**2 + v - 5. What is the remainder when z(-6) is divided by c?
33
Let t = 174 - 70. Suppose 5*l + t = 2*u, -2 = -l - 6. Calculate the remainder when u is divided by 11.
9
Let g(l) = l**3 - 12*l**2 + 27*l + 7. Let p(s) be the first derivative of 2*s**3/3 - 9*s**2/2 - 13*s + 1. What is the remainder when p(9) is divided by g(9)?
5
Suppose 3*n = v + 13, -5*n + 7 + 24 = 3*v. Suppose 1 = 4*i + 4*c - 11, -2*i = -v*c - 22. Let r = -41 + 57. Calculate the remainder when r is divided by i.
2
Let o = -432 + 435. Suppose o*k - 149 = y, 5*k + 2*y - 249 = 4*y. What is the remainder when 129 is divided by k?
31
Let x = 519 - 467. Let r(b) = -25 - 7*b + 3*b**2 + 31 - 2*b**2. What is the remainder when x is divided by r(8)?
10
Suppose -l - 192 = -5*x, 0*x = 3*x - 2*l - 111. Suppose 0 = 2*y - 49 - x. Let d = -6 - -19. What is the remainder when y is divided by d?
5
Let i = 3 + -1. Suppose -14 = -2*s + i. Let d(a) = 3*a**2 - 6*a - 19. Calculate the remainder when d(6) is divided by s.
5
Let w be -2 + 104 + (7 - (-3 + 4)). What is the remainder when 50 - (0 - (1 + 0)) is divided by w/(-15)*305/(-122)?
15
Let d(l) = -6*l + 285. Let y be d(-49). Let j = y + -401. Calculate the remainder when j is divided by 15.
13
Let y = 34 + -31. Suppose 2*d + y*d + 2*i = -444, -d - i = 87. Let x = 126 + d. What is the remainder when x is divided by 19?
17
Let s(b) be the second derivative of -b**4/6 + 8*b**2 - b + 49. Calculate the remainder when 124 is divided by s(0).
12
Let h(g) = 91*g - 222. Let b be h(6). Suppose -322*t - 84 = -b*t. What is the remainder when 334 is divided by t?
40
Let d = -669 - -671. Suppose j = -0*j - 33. Calculate the remainder when d*1/2*(j + 54) is divided by 9.
3
What is the remainder when 1280/6 + ((-2436)/261 - 9*-1) is divided by 270/(-20)*(-16)/6?
33
Let q = 31309 - 22192. What is the remainder when q is divided by 40?
37
Suppose 11*r - 13*r = 0. Suppose r = 3*w + 74 - 17. What is the remainder when 38 is divided by w/(-114) + ((-29)/6)/(-1)?
3
Let j be (-25)/(-20) - ((-1095)/4)/1. Suppose -7*g = 30 - j. Suppose v - 27 + 8 = 0. Calculate the remainder when g is divided by v.
16
Let p(y) = -30*y**2 + 11*y - 32. Let w(l) = -l**3 - 61*l**2 + 23*l - 66. Let b(o) = -5*p(o) + 2*w(o). Calculate the remainder when b(13) is divided by 21.
18
Let y(z) = z**2 - 12*z + 96. Let a = -85 + 93. Calculate the remainder when 127 is divided by y(a).
63
Suppose -13*y - 4*p - 117 = -24*y, -3*p = -4*y + 58. Let v(c) = -52*c + 1. Calculate the remainder when v(-3) is divided by y.
3
Suppose 171 = 9*i + 144. Suppose i*l - 191 = -34*t + 30*t, -218 = -4*l + 2*t. Calculate the remainder when 145 is divided by l.
31
What is the remainder when (-11466)/2*197/(-1773) is divided by 94?
73
Let o = -33 + 31. Let t(u) = -29*u**3 - 2*u + 4. Let r be t(o). Suppose 4*p = -4*p + r. What is the remainder when 58 is divided by p?
28
Let y(i) = i**2 - 6*i - 22. Let x be y(4). Let w = -3 - x. Calculate the remainder when 69 is divided by w.
15
Suppose 0 = -u - u + 52. Suppose -4*z = 2*q - 288, -q = 5*z - 130 - u. Let j = -77 + q. Calculate the remainder when j is divided by 20.
19
Let p be (-1)/(-7) - (-180)/63. Suppose -p*a = 3*b - 54, 2*b - 3*